e -4*f - 2*g - 3*g + n = 0, -4*f - g = -28. What are the prime factors of f?
7
Let u = 57 - 2. List the prime factors of u.
5, 11
Suppose 5*p - 236 = p. List the prime factors of p.
59
Suppose 186 = 5*c + 4*n, -c + 40 = -0*c - 2*n. Suppose 0 = 2*q + b + c, 3*b + 28 = -2*q - 18. Let x = 26 + q. List the prime factors of x.
3
Let h(y) be the third derivative of -y**6/120 - y**5/60 - y**4/24 + 10*y**3/3 + 6*y**2. What are the prime factors of h(0)?
2, 5
Let q(d) = 23*d - 1. Let j be q(-2). Let y = -33 - j. What are the prime factors of y?
2, 7
Let k be -7*9*10/(-21). Suppose 0 = -4*r - 2*a + k, 0*r + 2*r - 3*a + 5 = 0. Suppose 20 = 5*b, -r*b + b + 37 = 3*s. List the prime factors of s.
7
Suppose -2*s = -0*s - 10. Suppose 3*l - 5*l = s*k - 162, 3*l - 90 = -3*k. What are the prime factors of k?
2, 17
Let k = 98 + 57. List the prime factors of k.
5, 31
Suppose -2*m = m + 15, -n + 25 = -3*m. Suppose l + n = 2*l. List the prime factors of l.
2, 5
Suppose -28 = -p - 0*p. What are the prime factors of p?
2, 7
Let y(j) = 3*j**2 + 4*j + 2. List the prime factors of y(-4).
2, 17
Let l be (-2)/(-9) + (-399)/(-27). Let b be (-2 + 10/4)*0. Suppose a - 4*a + l = b. What are the prime factors of a?
5
Suppose -4*j + 526 = -0*j + 2*o, 4*o = 2*j - 238. List the prime factors of j.
3, 43
Suppose 8*w - 415 = 3*w - 3*j, 4*w - 349 = j. List the prime factors of w.
2, 43
Suppose 0*s - 4*s = -4*t + 588, 0 = 3*t + s - 453. List the prime factors of t.
2, 3, 5
Suppose 3*m - 7 = -c, -5*m - 11 = -5*c + c. Suppose 0 = 5*y - 50 - 20. Suppose 0 = -2*a - 2*j + 6, 3*j - m = -4*a + y. List the prime factors of a.
2, 3
Let s(r) = 2*r**2 + 11*r - 3. List the prime factors of s(9).
2, 3, 43
Let x = -9 - -13. Let f(a) = 2*a**2 - x*a + a - a**2. What are the prime factors of f(5)?
2, 5
What are the prime factors of ((6/12)/1)/(1/38)?
19
Let r(v) = 4*v**2 - 2*v - 4. List the prime factors of r(3).
2, 13
Suppose -4*j = -428 + 56. Let p(b) = -b - 2. Let o be p(-5). Suppose f + 41 = o*z, 5*z - 2*f + 25 = j. List the prime factors of z.
2, 7
What are the prime factors of ((-66)/44)/((-2)/52)?
3, 13
Let y be 30/6*44/10. Let w = -12 + y. Let v = -6 + w. List the prime factors of v.
2
List the prime factors of ((-178)/(-4) - -1) + (-48)/32.
2, 11
Suppose -121 - 78 = -z. What are the prime factors of z?
199
Let l = 9 - -34. List the prime factors of l.
43
Let j = -73 - -105. What are the prime factors of j?
2
Let x(h) = h**3 + 10*h**2 + 7*h - 5. Let d be x(-7). Let z = d - 65. What are the prime factors of (3/6)/(2/z)?
7
Let b = -668 + 953. What are the prime factors of b?
3, 5, 19
Let b = 41 - -18. List the prime factors of b.
59
Let u = 69 + -30. What are the prime factors of u?
3, 13
Let k(b) = 2*b - 8 + 14 - 6*b. Let z be k(7). Let w = -13 - z. What are the prime factors of w?
3
Let q(w) = 4*w - 1. Let t(y) = y + 5. Let h be t(-4). Let c be q(h). Suppose 5*u - 45 = -5*x, 4*u - 46 = 4*x - c*x. List the prime factors of u.
11
Let x(h) = -2*h**3 + 8*h**2 - 11*h - 2. Let q(g) = -g**3 + 7*g**2 - 10*g - 2. Let w(p) = 3*q(p) - 2*x(p). List the prime factors of w(-6).
2, 5
Suppose 0*q = -q + 72. Suppose -2*p + 38 + q = 0. What are the prime factors of p?
5, 11
Suppose 0 = -4*k - 22 + 242. Let s = k + -33. List the prime factors of s.
2, 11
Suppose 12 = 2*l - 22. What are the prime factors of l?
17
List the prime factors of (-1 - 0)*(-18 - 5).
23
Let p = -14 - -26. Suppose 4*v = v + p. Suppose -4*m = -32 + v. What are the prime factors of m?
7
Let y = -5 - -7. Suppose -f = y - 18. Suppose f = 5*l - 24. List the prime factors of l.
2
Let c = -8 - -13. Let r = 18 - c. List the prime factors of (-1 - r)*(-2)/4.
7
Suppose 0 = -5*h + 3*s + 18, -3*h + 7 = 3*s + 1. Let v(a) = a**2 - a**3 + h*a + 1 - a**2. List the prime factors of v(-2).
3
Suppose -11*f = -1103 - 712. List the prime factors of f.
3, 5, 11
Let j(m) be the third derivative of m**5/10 - m**3/3 + 5*m**2. List the prime factors of j(2).
2, 11
Let y(r) = r**2 - 11*r - 13. What are the prime factors of y(13)?
13
List the prime factors of (984/(-18) + 4)/(2/(-6)).
2, 19
Let x = 44 - -100. What are the prime factors of x?
2, 3
Let h(f) = f**3 - 9*f**2 - 10*f + 3. Let y be h(10). What are the prime factors of (0 + y + -1)*2?
2
Suppose 0 = 2*a - 4*a + 4. Let g(q) = -3*q**a - 6*q + 7 + 2*q**3 + 3*q**2 - 3*q**3 - 6*q**2. What are the prime factors of g(-5)?
2, 3
Let x(a) be the first derivative of -a**2/2 + 3*a - 2. Let h be x(6). List the prime factors of 2/4*-2*h.
3
Suppose -2*x = 4*i - 148, 64 = 3*i + 4*x - 37. Suppose -b + i = 2*b. Let f = b - 8. What are the prime factors of f?
5
Let b(r) = -3*r**3 + r**2 + 2. Let f = -3 + 5. Let k be b(f). Let n = k - -29. What are the prime factors of n?
11
Suppose -4*r + 71 = 5*h, 0 = 5*r + h + h - 93. Let z = r + 4. Let i = -14 + z. What are the prime factors of i?
3
List the prime factors of (-3)/((-108)/(-8)) + 2398/18.
7, 19
Let r(y) = 5*y + 0*y - 1 - 1. What are the prime factors of r(4)?
2, 3
Let s(v) = 2*v - 6. Let p(o) = -o + 3. Let f(y) = -5*p(y) - 2*s(y). Let t be f(5). What are the prime factors of t + -2*1 + 12?
2, 3
Let j = 4 - 3. List the prime factors of j + 7/((-14)/(-20)).
11
Let f = -75 + 39. Let g = 60 + f. List the prime factors of g.
2, 3
Suppose 5*w + 28 - 128 = 0. Suppose 0*x - w = x. Let c = x + 38. What are the prime factors of c?
2, 3
Let h(w) = 11*w - 1. Let g be h(-1). Let p = -9 + 9. Let x = p - g. What are the prime factors of x?
2, 3
Let v = 125 + -85. List the prime factors of v.
2, 5
Let v(n) = 3*n**2 + 4*n - 4. Let k = -5 + 8. List the prime factors of v(k).
5, 7
Let l(r) = -7*r**3 + 7*r**2 + 4*r - 2. Let h(s) = s**3 - s**2. Let j(a) = -5*h(a) - l(a). What are the prime factors of j(3)?
2, 13
Let l(t) = 13*t**2 - 11*t. What are the prime factors of l(6)?
2, 3, 67
Let q(i) = -i + 1. Let t(z) = -3*z - 1. Let p be t(4). Let x = 5 + p. List the prime factors of q(x).
3
Suppose 0 = 5*w - 8*a + 3*a - 60, 2*a = 4*w - 50. List the prime factors of w.
13
Suppose -2*i + 1 = 5. List the prime factors of 5 + 0*i/(-4).
5
Suppose 2*z + 5 = -1, z + 18 = 5*j. Let i = j - -1. Suppose -3*r = h + 4, 4 = i*h - 2*r + 4*r. List the prime factors of h.
2
Let s(b) = -b**3 + 4*b**2 + 14*b + 9. What are the prime factors of s(5)?
2, 3
Let i(z) be the second derivative of 7*z**3/6 - z**2/2 + 2*z. Let u be i(5). Suppose -3*w + u - 4 = 0. List the prime factors of w.
2, 5
Suppose 0 = -w + 3*w - 22. List the prime factors of w.
11
Suppose b + 2 = 4. Suppose b - 10 = -4*c. Suppose c*v - 4 + 0 = 0. List the prime factors of v.
2
Suppose z + 3 = p, 5*p - 35 = -0*p - 5*z. Let s = p + -3. List the prime factors of s.
2
Suppose -2*x = -2*i + 206, -4*i = -2*i + x - 191. Suppose -4*q = 2*d - 94, 0 = -4*d + 5*q + 116 + i. What are the prime factors of d?
3, 17
Let o be (2/(-1))/(6/(-3)). Suppose 0 - o = -2*c + 3*l, 12 = 4*c - 4*l. List the prime factors of c.
2
List the prime factors of 2/6 + 325/15.
2, 11
Suppose 2*k = -2*k - 4. Let t = k - -16. What are the prime factors of t?
3, 5
Let c(s) = -s**3 - 8*s**2 - 8*s - 5. Let u be c(-7). What are the prime factors of (3 + -3)/u - -10?
2, 5
Suppose c = a + 3*a + 5, 4*c = 20. Suppose 3*m + 2*i - 22 = a, -6 - 6 = 3*i. What are the prime factors of m?
2, 5
Let l(v) = -v**2 - 9*v - 3. Let a be l(-10). Let q = 10 + 11. Let h = q + a. List the prime factors of h.
2
Suppose -4*k - 3*d + 8 = -0*d, 3 = 3*k + 3*d. List the prime factors of 20/k + (1 - -1).
2, 3
Let a(z) = z**3 + 15*z**2 + z - 7. Let i be a(-15). Let y = i - -54. List the prime factors of y.
2
List the prime factors of 82/4*2 - (6 + -8).
43
Let c = 15 + -3. Let q = c + -6. What are the prime factors of q?
2, 3
Let h = 2 + -2. Suppose 4*i + i = h. Suppose 0*f = f - 2*y + 6, i = 3*f - 3*y + 3. List the prime factors of f.
2
Let b(f) = f**2 - f + 11. List the prime factors of b(0).
11
Let g(v) = v**3 + 8*v**2 + 2*v + 4. Let m(k) = -k - 4. Let t be m(3). Let y be g(t). Suppose 5*c - 2*c - y = 0. List the prime factors of c.
13
Suppose 8 = z - 2*z. Let l be (z/(-6))/((-3)/(-9)). Suppose l*q - 9 = q. List the prime factors of q.
3
Let z(i) = 74*i - 9. List the prime factors of z(1).
5, 13
Suppose 3*i - 5*h - 8 = i, h - 8 = -2*i. Let r = 10 - i. What are the prime factors of r?
2, 3
Let v = 17 - 5. Let m = v - 7. 